4)). Let r(k) be the second derivative of k**3/6 + k**2/2 - 4*k. Calculate r(l).
3
Let y(w) = -w. Let s(p) = -p**2 - 2*p - 8. Let h(b) = s(b) + 6*y(b). Let j(z) = -3*z**2 - 4*z - 2. Let v be j(-2). Determine h(v).
4
Suppose -2*l + 2 = -2. Suppose -6 - 2 = -l*f. Suppose -5*y - 3 = -f*y. Let c(g) = -g**3 - 3*g**2 - g - 3. Give c(y).
0
Let f = 14 + -16. Let b(m) = -2*m - 3. Give b(f).
1
Let w(b) = -2*b**3 - b**2 + 11*b + 4. Let c(g) = -g**3 - g**2 + 6*g + 2. Let d(v) = -11*c(v) + 6*w(v). Let z be (-2 - (-2 - 4)) + 1. Give d(z).
2
Let n(t) = t**3 - 8*t**2 + 7*t + 3. Let v be n(7). Suppose 2*l + 18 = -0*p - v*p, 3*l = -3*p - 21. Let k(s) = -s**3 - 5*s**2 - s + 4. Give k(l).
-11
Let s(u) = -u**3 - u**2 + 1. Let l(j) = -7*j**3 - 10*j**2 + 3*j + 12. Let f(i) = -l(i) + 6*s(i). Determine f(-5).
-16
Let z(t) = 1 + 0 - 4*t - 10 + 5*t. Let q be z(8). Let n(c) = 3*c**2 - 2*c - 1. Give n(q).
4
Let m(i) be the first derivative of i**5/40 + i**4/8 - i**3 - 3. Let t(b) be the third derivative of m(b). Calculate t(3).
12
Let y(u) be the third derivative of 0*u + 1/60*u**5 - 2*u**3 - 2*u**2 + 1/24*u**4 + 0. Determine y(0).
-12
Let m(j) = -j**3 - 4*j**2 + 3*j - 3*j + 4. Suppose 2*k - 3*k = -g + 17, -79 = -5*g + 2*k. Suppose 2*w + g = 7. Calculate m(w).
4
Let n(u) be the first derivative of u**4/24 + u**3/6 - 5*u**2/2 - 7. Let r(z) be the second derivative of n(z). Determine r(-2).
-1
Let k(p) = -8*p**3 + 26*p**2 + 9*p + 2. Let n(y) = 3*y**3 - 9*y**2 - 3*y - 1. Let x(v) = 4*k(v) + 11*n(v). What is x(-4)?
1
Let a(o) be the second derivative of -5/2*o**2 - o - 1/3*o**3 + 0. Give a(4).
-13
Let s(b) = -5*b + 2*b + b + 4*b. What is s(-1)?
-2
Let n = 56 + -54. Let p(s) = -3*s**3 + 2*s**2 - 2. What is p(n)?
-18
Suppose -5*m + 3*m = -t - 6, -2*m = -5*t - 6. Let w(a) = t - 8 - 4 + 3 - a. Calculate w(-4).
-5
Let i(y) = -y**3 - y**2 - 2. Suppose -j + 1 = -a, -2*j + 19 = -4*j - 5*a. Give i(j).
2
Suppose 0 = -63*f + 62*f + 1. Let l(m) = 16*m**2 + 2*m - 1. What is l(f)?
17
Let p(g) be the second derivative of -g**4/12 - g**3/3 + 2*g**2 + g. Determine p(-4).
-4
Let j(n) = -3*n + 57 + n**2 - 24 - 31. Give j(4).
6
Suppose -5*v = -0*y - 3*y - 8, 6 = v - 5*y. Suppose -3*q + 8 = -5*u, 2*q + 0*q - v = -u. Let j(a) = -5*a**2 - a - 1. What is j(u)?
-5
Let t(d) = 2*d + 37. Let g be t(-17). Let s(f) = f**3 + 1. Let u(k) = 3*k**3 + 3*k**2 + 5. Let b(i) = 4*s(i) - u(i). Determine b(g).
-1
Let n(z) = -3*z**3 - 2*z**2 + 1. Let v = -11 - -25. Let g be (-5)/(-7) + 4/v. Calculate n(g).
-4
Suppose 5*d + 14 = -6. Let q(y) = -y + 1. Let p(a) = -5 - 4*a + 3 + 2*a + a. Let o(f) = p(f) + q(f). Give o(d).
7
Let n(h) = -2*h - 4 + 6 + 7. Calculate n(6).
-3
Let g(f) be the first derivative of f**7/840 + f**6/90 + f**5/40 - f**3/3 + 2. Let z(r) be the third derivative of g(r). Determine z(-3).
0
Let x(h) = -14*h**2 + h + 1. Let p be ((-28)/56)/((-2)/(-4) - 0). Determine x(p).
-14
Let n(a) be the third derivative of 11*a**4/24 + a**3/6 - 6*a**2. Calculate n(1).
12
Suppose -a = 3*t, -a = -5*a + 2*t. Let f(k) = a*k + 3*k + 0*k + 0*k. What is f(-2)?
-6
Suppose -4*k - 4 = -6*k. Let q(p) = -12*p**3 + 2 + 2*p**k - 1 + 12*p - 10*p. Determine q(-1).
13
Let h be (10/25)/((-2)/(-70)). Suppose -s = s - h. Let q = -11 + s. Let z(i) = -2*i - 5. Give z(q).
3
Let l(j) = -j**2 + 7*j - 1. Let n(t) = -6*t + 3. Let k be n(-1). Suppose k = h + 2. What is l(h)?
-1
Let d(z) = -3*z**2 - 5*z - 7. Let u(m) = -m**2 + m - 1. Let v(l) = d(l) - 2*u(l). Determine v(-5).
5
Let y be (2/(-6))/((-5)/75). Let h = y + -6. Let z(m) = -3*m**3 + 1. What is z(h)?
4
Suppose -5*l - 20 = -l. Let k(a) be the third derivative of -a**5/60 - a**4/3 - 7*a**3/6 + 3*a**2. Give k(l).
8
Let s(o) = o - 3. Let k(j) = j**2 - 6*j - 1. Let z be k(7). Calculate s(z).
3
Suppose -6*n + 8*n = 5*w + 16, -3*w = -2*n + 16. Let l(t) = -t**2 + 11*t + 5. Calculate l(n).
29
Let v be (-8)/(-12)*(0 - -3). Suppose 4*a = -4*d, 10 = -v*d - 4*a + 4. Suppose 0 = -3*z - 3*y + d, -3*z - 4*y = 5 - 3. Let f(h) = h - 7. Determine f(z).
-1
Let l = -4 + 2. Let v(f) be the third derivative of -f**6/60 - f**5/15 - f**4/12 - 7*f**2. Give v(l).
4
Let z(n) = -n - 9 - 1 + 15. Determine z(9).
-4
Let t(d) = d**3 - 2*d**2 - 4*d + 3. Let o = 4 + -8. Let q be (0 + 2)/o*-6. Determine t(q).
0
Let p(x) = -x**2 + 5*x - 1. Let q be p(4). Suppose 0 = -q*f - f + 8. Let z(u) = 1 + 0*u**2 + 3*u - 2*u**f + 3*u**2. Calculate z(-2).
-1
Let c(d) = -d**2 + d + 19. Let k = 64 - 64. Determine c(k).
19
Let d(p) = -p**3 + 5*p**2 - 2*p + 11. Let v be d(5). Let w(q) be the second derivative of -7*q**4/12 + q**3/6 + q. What is w(v)?
-6
Let k(s) = s**3 + s**2 + s - 1. Let p(g) = -g**2 - g. Let m(l) = -k(l) - p(l). Determine m(1).
0
Let u(d) be the first derivative of d**7/840 + d**5/120 - 8*d**3/3 + 9. Let j(x) be the third derivative of u(x). What is j(0)?
0
Let a(d) = -d**3 - 9*d**2 + 2*d + 6. Let w be a(-9). Let r = w - -10. Let v(n) = n**3 + n**2 - n - 1. Calculate v(r).
-3
Suppose -37 = 5*r - 4*b + 20, 0 = r + 3*b. Let f(h) = -h**3 - 8*h**2 + 9*h - 1. What is f(r)?
-1
Let d(r) be the second derivative of 1/12*r**4 - 1/2*r**3 + 0*r**2 + 0 - 3*r. Calculate d(5).
10
Let z(q) be the first derivative of 17*q**2 + q + 4. Let f be z(1). Let v(t) = -t**2 - f*t + 35*t - 1. Determine v(-1).
-2
Let t(f) be the third derivative of f**5/60 + f**4/24 - 5*f**2. Let z be (-18)/4 - 2/(-4). Calculate t(z).
12
Let u(w) = 4*w + 3. Let x(d) = 5*d + 3. Let z(v) = -6*u(v) + 5*x(v). Suppose 3*i - 3 = 9. Give z(i).
1
Suppose -l = l + 20. Let y = l - -5. Let j(u) = u**3 + 4*u**2 - 7*u - 1. Determine j(y).
9
Let a(x) = -x**3 + x**2 + 2*x - 3. Let n be ((-2)/(-7))/(9/63). Give a(n).
-3
Let w(f) = -3*f**3 - 13*f**2 + 6*f + 3. Let b(r) = -r**3 - 6*r**2 + 3*r + 1. Let y(z) = 5*b(z) - 2*w(z). Give y(2).
-3
Let u(x) = 5*x**3 - 4*x**2 + 9*x - 4. Let h(f) = -f**3 - f. Let r(t) = -4*h(t) - u(t). Let d(i) = i - 2. Let j = 5 - 0. Let n be d(j). Calculate r(n).
-2
Let g(i) = i**3 - i**2. Let d(w) = 2*w**3 - 8*w**2 + 2*w. Let f(q) = -q**3 + 9*q**2 - 3*q. Let p(l) = 4*d(l) + 3*f(l). Let x(k) = -4*g(k) + p(k). Give x(2).
2
Let n(s) be the first derivative of -s**5/20 - 5*s**4/12 + 7*s**3/6 + 2*s**2 + 3*s + 2. Let h(j) be the first derivative of n(j). What is h(-6)?
-2
Suppose 4*r + 4*i + i - 11 = 0, -3*i - 3 = 0. Let h(p) = p**2 - 3*p + 1. What is h(r)?
5
Let b(f) = 2*f - 1. Suppose -2*p + 15 - 5 = 0. Suppose -4*h = -p*h - 1. What is b(h)?
-3
Let p(b) = -3*b + 4. Let k = 63 + -60. What is p(k)?
-5
Let g(h) be the third derivative of -h**6/120 + h**5/60 - 7*h**3/3 + h**2. Suppose 0*v + 4*v = 0. Determine g(v).
-14
Let t(q) = -q**2 + q + 7. Suppose 3*h + 14 = 5*g, 1 + 7 = 2*h + g. Suppose -4*o - 5*i = -5, -h*o + 5*i - 50 = 3*o. Let b = 5 + o. Determine t(b).
7
Let n = 9 - 7. Suppose m - 2*m = -3*f + 9, 0 = -n*m + 6. Let j(q) = 6*q**2 + 12*q + 1. Let k(i) = -5*i**2 - 11*i. Let g(b) = 6*j(b) + 7*k(b). What is g(f)?
2
Let g(w) = w - 5. Let a be g(4). Let u(k) be the second derivative of -k**5/4 - k**4/12 - 13*k. Calculate u(a).
4
Let t(m) be the first derivative of m**3/3 + m**2/2 - 3*m + 1. Suppose -2*f = -4*c + 2*f + 36, -2*c - 2*f - 2 = 0. Suppose -4*a + c = -5*a. Give t(a).
9
Let u(n) be the third derivative of -n**7/5040 + 3*n**5/20 - 2*n**2. Let v(d) be the third derivative of u(d). Determine v(-6).
6
Let c(q) = -2*q**2 + 3*q + 10. Let m(i) = i**2 - i - 5. Let z(f) = -2*c(f) - 5*m(f). Give z(0).
5
Let h(u) = u**3 - u + 4. Suppose 6*r - 8*r = 0. Suppose r = -4*i - 3*p - 6, -10 = 2*i + 4*p + p. Determine h(i).
4
Let d(i) = -i**2 + 2*i - 1. Let k = 0 + -13. Let y = -7 - k. Suppose t + 5*g = 9, 3*g = -y*t + t + 23. Calculate d(t).
-9
Suppose -5*g + 9 = q, -2*g + 3*q - 9 = g. Let h = g + 3. Let p(m) = 32*m**3 + 2*m - 33*m**3 - 3*m + 4*m**2. Determine p(h).
-4
Suppose -u = 3*u - 16. Suppose -3*i = k - 2 + 13, 5*i = u*k - 24. Let w(z) = -z + 1. What is w(i)?
5
Let r(v) = 8*v**3 - v. Let y be ((-2)/(-3))/((-2)/12). Let o(g) = 5*g + 6. Let u(k) = 9*k + 11. Let h(p) = y*u(p) + 7*o(p). Let b be h(-3). Give r(b).
7
Let r(g) = -g**2 - 4*g + 2*g - 3*g. Determine r(-4).
4
Suppose -o + 2 = -1. Let t(n) = -2 + 4*n + 2 - 2 - o. Calculate t(4).
11
Let z(t) = t**2 - 2*t - 2. Let h(j) = 2*j + 4 - 6 + 0 - 4*j. Let k be h(-3). Determine z(k).
6
Let l(z) be the third derivat